/5)/(16/(-40)). Let m(h) = 2*h**2 - 3*h + 4. Let f = 19 + -4. Calculate the remainder when f is divided by m(q).
3
Let k be 22/(-6)*-3 + 0. Let x = 17 - k. What is the remainder when x - (-1 - -2 - 1) is divided by 4?
2
Suppose -31 = -m - 9. Calculate the remainder when m is divided by 5.
2
Let z = 9 - 0. Suppose 0 = -0*m + 2*m - 48. Calculate the remainder when m is divided by z.
6
Let m be 54/13 - (-12)/(-78). Suppose -m + 0 = -u. What is the remainder when u is divided by (-6)/8*(-1 - 3)?
1
Let q = 9 + -3. Suppose w = 6*w - 220. Let z = w - 22. Calculate the remainder when z is divided by q.
4
Let q = -18 + 24. What is the remainder when q is divided by 2?
0
Suppose 0 = -5*i - 47 + 172. Let b = 53 + -4. What is the remainder when b is divided by i?
24
Let m(z) = -z**3 + 14*z + 14. What is the remainder when m(-5) is divided by 9?
6
Let r = -19 - -30. What is the remainder when r is divided by 4?
3
Let m(s) = 2*s - 1. Let g be m(3). Suppose -5*n + 340 = g*j, 0*n + 2*j - 203 = -3*n. Calculate the remainder when n is divided by 23.
21
Suppose 2*z - 3 = -4*c + 21, 0 = 3*z + c - 11. Calculate the remainder when 5 is divided by z.
1
Suppose -39 = -5*j + 16. Suppose -2*u - 80 = -4*c + 8, -u - 107 = -5*c. Let o = 21 + c. What is the remainder when o is divided by j?
9
Suppose -j + s = -90, -2*s - 45 - 228 = -3*j. Calculate the remainder when j is divided by 24.
21
Let n be (84/(-30))/(2/20). Let u = -9 - n. What is the remainder when u is divided by 10?
9
Suppose 3*l = -l + 20. Let w = -4 - -6. Suppose 3*k + 55 = l*j, w = 2*j + 2*k - 4. What is the remainder when 14 is divided by j?
6
Let h(u) = -18*u + 1. Suppose -8*w + 10 = -3*w, 5*v - 8 = w. Suppose 3 = 2*c + d, -d - 3*d = v*c - 18. Calculate the remainder when h(c) is divided by 7.
5
Suppose 3*m - 3*k - 159 = 285, -2*k - 444 = -3*m. Suppose 0 = 4*h + c - m, 5*h + 0*h = c + 185. Calculate the remainder when h is divided by 13.
11
Let j(v) = v**3 - 2*v**2. Let z be j(2). Suppose 5*b + z*l - 105 = 2*l, b - 3*l - 21 = 0. What is the remainder when b is divided by 12?
9
Let j = -17 - -19. Suppose j*v = -6, -1 - 8 = -2*t - 5*v. What is the remainder when t is divided by 7?
5
Let n(l) = -3*l + 1. Let f be n(-1). Suppose 2*r + 12 = -i, -f = 2*i + i - 2*r. Calculate the remainder when ((-10)/i)/(1/6) is divided by 6.
3
Let k(i) = 3*i + 2. Let v = -43 - -55. What is the remainder when k(6) is divided by v?
8
Let v(x) = -x**3 - 12*x**2 + 8. What is the remainder when 1 + 2 - (-36)/2 is divided by v(-12)?
5
Let f(g) = -g**2 + 11*g + 1. What is the remainder when 1 is divided by f(11)?
0
Let w = -7 - -10. Let m = -2 + w. What is the remainder when 2 is divided by m?
0
Let y(j) = -3*j - 2*j**2 - 1 + 2 - 3 - 4*j**3. Let o(m) = -m**2 + 5*m + 4. Let g be o(6). Calculate the remainder when y(g) is divided by 15.
13
Let a = -11 + 16. Suppose 2*l - l + 71 = 2*r, 0 = l - a. Calculate the remainder when r is divided by 13.
12
Let v = 0 + 5. Suppose 5*u - 345 = -2*x, -v*u = x - 80 - 265. Suppose -3*i = -210 + u. Calculate the remainder when i is divided by 16.
15
Let l(f) = -14*f**3 - f**2 - f - 1. Calculate the remainder when 2/12 + (191/6 - -5) is divided by l(-1).
11
Let g = 45 - 11. Suppose 4 = -3*w - 0*w - 2*j, -4 = -w + 2*j. Suppose w*q + q = 0, u = 2*q + 12. What is the remainder when g is divided by u?
10
Let c(j) = -j**3 + 2*j + 3. Let s = -21 - -34. What is the remainder when c(-3) is divided by s?
11
Suppose -78 = d - 2*d. Calculate the remainder when d is divided by 20.
18
Suppose 0 = 4*b + 2*u - 0*u + 2, -5*b = 3*u + 3. What is the remainder when -2 - 1/(2/(-46)) is divided by -11*(1 - (b - -2))?
10
Let k(m) = -m**3 + 7*m**2 + 10*m - 3. Let i be k(8). Let w = i + 1. What is the remainder when w is divided by 5?
4
Let a(y) = 3*y + 21. What is the remainder when a(9) is divided by 10?
8
Let j(t) = -26*t - 3. What is the remainder when j(-8) is divided by 26?
23
Let t = -8 - -14. Let v be (-2)/7 - t/(-21). Suppose 3*o + 15 - 42 = v. Calculate the remainder when 17 is divided by o.
8
Suppose 2*f = 2*r + 3*f - 11, f - 7 = -r. Suppose r*s + s = 15. Calculate the remainder when 7 is divided by s.
1
Let r(i) = i**3 - 4*i**2 - 2*i - 3. Let c be r(4). Let d = 28 + c. Calculate the remainder when d is divided by 6.
5
Let m(g) = -2 + 3 - g + g**2 + 6*g**2 + 3*g**2. Suppose 24 - 64 = -4*z. Calculate the remainder when m(2) is divided by z.
9
Let a(d) = 5*d**3 + d. Suppose 0 = -4*j + 5*p + 4, 2*j - 4 = 2*p - 2. What is the remainder when 15 is divided by a(j)?
3
Let p(a) = a**2 - 4*a - 2. Let d be p(4). Let t(l) = -l**3 - 8*l**2 - 9*l - 7. Let r be t(-7). Let u = r - d. What is the remainder when 16 is divided by u?
7
Suppose -3*m + 8 = -2*g, -2*g = g + 3. Suppose 6*v = m*v + 8. Let a = -1 + v. What is the remainder when 2 is divided by a?
0
Let l = 56 - 26. Let u = l + -16. Calculate the remainder when u is divided by 4.
2
Let i = 23 + 5. Suppose 2*d = v - i, -2*v - 4*d - 32 = -88. What is the remainder when v is divided by 15?
13
What is the remainder when 31 is divided by (-116)/(-14) - (-10)/(-35)?
7
Suppose -3*p = -4*p + 5*t + 48, -3*t = 6. What is the remainder when p is divided by 8?
6
Let f be 79/(-11) - (-4)/22. Let r = 12 + f. Calculate the remainder when r is divided by 2.
1
What is the remainder when 52 is divided by ((-6)/(-4) + -2)/(5/(-180))?
16
Suppose -6*a = -a - 65. Calculate the remainder when a is divided by 7.
6
Let n be (-3)/(-6) - (-9)/6. Let w be n/(-6) - 1790/30. What is the remainder when 30 is divided by ((-2)/3)/(5/w)?
6
Suppose 2*k - 18 = -74. Let t be k/(-6) + 3/9. Suppose 2*z - t*z + 102 = 0. Calculate the remainder when z is divided by 18.
16
Let x(s) = -s**2 + 8*s - 3. Let k be x(7). Suppose 0 = k*q + n - 147, -4*q + n + 169 = 12. Calculate the remainder when q is divided by 14.
10
Let c = 29 + -12. What is the remainder when c is divided by 5?
2
Let u(x) = x**3 - 6*x**2 - 6*x - 1. Let o(m) = m**2 + 8*m + 18. Calculate the remainder when u(7) is divided by o(-5).
0
Let v = -10 + 0. Suppose -5*a - 2*f + 112 = -a, 3*a - 2*f = 98. What is the remainder when ((-108)/a)/(4/v) is divided by 3?
0
Let b(w) = -w**3 - w**2 + 1. Suppose 0 = -2*y - 1 - 3. Suppose 3*r - 5*k + 1 = 0, -3*k = 15*r - 17*r + 1. What is the remainder when r is divided by b(y)?
3
Suppose -3*q + 4*f = -69, -4*q - 4*f = -6*q + 50. Suppose 0 = -k + 7 - 2. What is the remainder when q is divided by k?
4
Let d(i) be the second derivative of 5*i**3/6 + 11*i**2/2 + 4*i. Let y be d(8). Suppose 4*m = y + 117. Calculate the remainder when m is divided by 15.
12
Suppose -3*x = -0*v + 3*v - 3, 2*x + 2 = 0. Calculate the remainder when 7 is divided by v.
1
Let l = -22 + 64. Suppose -2*q - 20*q = -198. What is the remainder when l is divided by q?
6
Let p(c) = c**2 - 2*c + 2. Let o be p(6). Suppose 0 = 5*z - 3*z - o. What is the remainder when z is divided by 7?
6
Let o be 14/(-2) - (5 - 2). What is the remainder when 47 is divided by (-708)/(-60) + (-2)/o?
11
Let i = 0 - -1. Let l be 0 - -1 - (i + 0). Suppose -3*k + l*m = 3*m - 15, 3 = 3*m. What is the remainder when 6 is divided by k?
2
Let c be (0/(0 - 2))/(-2). Suppose 2*y - 8 = -c. Suppose 0 = j + 2*z - 10, -2*j + 5*z = -4*j + 22. Calculate the remainder when j is divided by y.
2
Suppose 5*a + 4 = 14. Calculate the remainder when 72 is divided by (-635)/(-25) + a/(-5).
22
Suppose -u + r = -10, -2*u + 3*r + 15 = -0*u. What is the remainder when 49 is divided by u?
4
Let l(o) = -o**3 - 3*o**2 - 2*o. Let u be l(-3). Suppose -f + 4*f = -u. Let j(c) = -5*c + 2. What is the remainder when 34 is divided by j(f)?
10
Let o = 20 + -16. What is the remainder when 5 is divided by o?
1
Let w(h) = 2*h - 2 - h + h**2 + 0. Let k be w(-3). Suppose 5*z - 3*g - 47 = 0, -2*g + 7*g = -k*z + 8. What is the remainder when z is divided by 4?
3
Let h(f) = 2*f**3 - 4*f**2 - f - 1. What is the remainder when 39 is divided by h(3)?
11
Calculate the remainder when 86 is divided by 166/21 + (-32)/(-336).
6
Let h = 3 - 6. Let v = 71 + -25. Let p = v - h. What is the remainder when p is divided by 17?
15
Calculate the remainder when 350/6 + (-1)/3 is divided by 20.
18
Suppose -c = 2*i - 10, 3*i = 2*c + c - 66. Calculate the remainder when 87 is divided by c.
15
Let m = 3 - -8. Calculate the remainder when 4